8 = 30*m. List the prime factors of m.
2, 35171
Suppose 20*y + 176186 = -69*y + 519103. List the prime factors of y.
3853
Suppose 5*z - 72 = 278. Suppose -s = -112 - z. Suppose -2*n = -0*n - s. What are the prime factors of n?
7, 13
Let i(u) = -3*u - 27. Let y(c) = c**3 - 4*c**2 - 7*c + 2. Let t be y(5). Let l be i(t). What are the prime factors of (-2)/l - (-62)/6?
11
Suppose -100*y + 274511 = -927689. What are the prime factors of y?
2, 6011
Suppose 156182 = 7*z - f, -3*f - 16509 = -z + 5777. List the prime factors of z.
53, 421
Let p(x) = 41*x**2 - 12*x + 196 + 2*x**3 - 201 - 14*x. What are the prime factors of p(-21)?
2, 5
Let z be ((-9)/(-6))/((15/6)/5). Suppose 565 + 23 = z*v. Suppose 4*f = 2*y - v, 161 = 3*y - f - 138. What are the prime factors of y?
2, 5
Suppose -2*s + 2*u + 32714 - 3170 = 0, u + 5 = 0. What are the prime factors of s?
14767
What are the prime factors of (1/2)/(-8395*(-159)/(-111234) + 12)?
18539
List the prime factors of 76300/22 - ((-720)/(-88) + -8).
2, 3, 17
Let t(s) = 139*s**2 + 5*s - 123. What are the prime factors of t(-7)?
6653
Let d be (-82)/(-12) + 1/6. Let w be (0 - 4) + 4104/6. Suppose -12*z = -d*z - w. What are the prime factors of z?
2, 17
Suppose -5*g = t - 126779, -4*t = -g + 13907 + 11453. List the prime factors of g.
2, 3, 2113
Suppose -8*k - 3*a - 220911 = -12*k, -k + 55225 = 2*a. List the prime factors of k.
3, 41, 449
Let l be -11*87/(-12) - (-4)/16. Let s = 415 - l. What are the prime factors of s?
5, 67
Let i be (-1)/(-2) + (-79)/2. Let v = -39 - i. Suppose -3*l - l - 109 = -k, -3*k + 4*l + 351 = v. What are the prime factors of k?
11
Let q(x) = -x**2 - 16*x - 21. Let u be q(-20). Suppose -8*p + 186 + 1358 = 0. Let m = p + u. List the prime factors of m.
2, 23
Suppose 0 = 16*n - 22*n. Let j(k) = 5*k**2 + 2*k + 184. List the prime factors of j(n).
2, 23
Suppose -2*p + 4 = -x, 2*x = p + x. Suppose -p = 91*i - 93*i. Suppose 5*f - n = 7, -4*n = -i*f + n - 11. List the prime factors of f.
2
Let j = 3192 - 1864. Suppose r = -2*l + j - 211, 542 = l - 5*r. What are the prime factors of l?
557
Let z = -90560 + 127015. What are the prime factors of z?
5, 23, 317
Suppose 0 = 26*s + 5*s - 12927. Suppose -8*j = -9*j + s. List the prime factors of j.
3, 139
List the prime factors of (((-2368440)/119)/(-6))/(6/28).
2, 3, 5, 43
Let z(o) = 33*o - 843. Let a be z(26). Let j be ((-2)/(-4))/(1/14). Suppose 2*s = -j*c + 2*c + 69, 5*c = -a. List the prime factors of s.
2, 3, 7
Let w(v) = 4*v**2 + 81*v - 112. List the prime factors of w(-39).
29, 97
Let j(m) = -9*m - 30. Let r be (18 + (-2)/(-1))*(3 + -1). Suppose 0 = -5*z - r - 10. What are the prime factors of j(z)?
2, 3, 5
Let i(f) = -4*f**2 + 4*f - 5. Let h be i(2). Let y(c) = -c**3 - 7*c**2 + 16. List the prime factors of y(h).
2, 5, 103
Let c(r) = r**3 + 10*r**2 + 10*r + 14. Let b be c(-9). Let p(z) = 9*z**3 - 11*z**2 + 5*z - 5. List the prime factors of p(b).
2, 3, 5, 29
Suppose 4*f = -3*a + 1, 4*a - 3*f + 28 = -f. Let c = a - -3. Let p(m) = -11*m + 4. What are the prime factors of p(c)?
2, 13
Suppose 9932 + 10057 = 9*v. List the prime factors of v.
2221
Let x(a) = a**3 + 20*a**2 + 20*a + 22. Let t be x(-19). Suppose 1712 = 5*o + t*o. Let f = -119 + o. What are the prime factors of f?
5, 19
Let f(k) = -k - 3. Let c be f(-4). Suppose 0 = -d - c - 1, -4*x + 4*d - 20 = 0. List the prime factors of (x*12)/(-2) + -2.
2, 5
Suppose 0 = 5042*y - 5021*y - 171570. List the prime factors of y.
2, 5, 19, 43
Let z(r) = 8*r**2 - 3*r + 3. Let y(s) = -s**3 - 11*s**2 - 9*s + 15. Let v be y(-10). What are the prime factors of z(v)?
2, 47
Suppose 4*k = -5*f + 8058, k + 4*k - 4853 = -3*f. List the prime factors of f.
2, 11, 73
Let y be 348/(-16) - 2/8. Let c(u) = 479*u - 155*u - 155*u + 63 - 168*u. List the prime factors of c(y).
41
Let y(b) = -b**3 + 3*b**2 + 25*b - 7. Let h be y(4). Let v = -56 + h. List the prime factors of v.
3, 7
Suppose -11*i + 17436 = -461. What are the prime factors of i?
1627
Let y = -6756 - -9517. What are the prime factors of y?
11, 251
Let z = 10920 - 6907. List the prime factors of z.
4013
Suppose 4*z + 3 = -3*m, -5*z - 5 = 16*m - 12*m. Suppose -27*l + 13320 = -z*l. What are the prime factors of l?
3, 5, 37
Let p be (15/(-9) + 3)/(16/288). Suppose -17646 = 7*a - p*a. List the prime factors of a.
2, 3, 173
Let g(w) = -148*w - 20. Let v be 10/15*(0 - 1 - 5). Let z be g(v). What are the prime factors of z/3 + 1 - (-2)/(-3)?
191
Suppose 3*m + 30420 = 3*b, 0 = -3*b - 2*m + 16812 + 13603. What are the prime factors of b?
10139
List the prime factors of 960410/60 - ((-43)/6 - -7).
16007
List the prime factors of ((-15 + 6)/(-18))/((-2)/12) - -335.
2, 83
Let r(j) be the second derivative of j**3 + 1/12*j**4 - 19*j + 5/2*j**2 + 0. What are the prime factors of r(-7)?
2, 3
Suppose 0 = -1469*f + 1470*f - 7. List the prime factors of 5 + (127 - (-1)/(f/(-35))).
127
Suppose -6 = -7*o + 8. Let n be (4/12)/((-1)/(-12)*o). Suppose -j + 154 = -5*k, 1 = -n*k + 3. List the prime factors of j.
3, 53
Let i(b) = 8*b + 43. Let o be i(-6). Let y be (10/4)/o*-6. Suppose 0 = s + v - 83, -41 = -s - y*v + 42. What are the prime factors of s?
83
Let o(h) be the third derivative of h**6/72 - 3*h**4/8 - 11*h**3/6 + 18*h**2. Let y(d) be the first derivative of o(d). List the prime factors of y(4).
71
Suppose -5*w = -4*j - 730, 0 = -4*w + 35*j - 30*j + 575. Suppose 8 = 4*k, -8 = -2*m + 7*m - 4*k. Suppose m = 5*i - w - 55. What are the prime factors of i?
41
Let b = -2656 - -13516. List the prime factors of b.
2, 3, 5, 181
What are the prime factors of -3 + 0 + -2 - -152 - (-5)/1?
2, 19
Let c = -859 - -868. Suppose 0 = 14*h - c*h + 3*l - 4272, 2*h - 2*l = 1712. What are the prime factors of h?
3, 5, 19
Let k = -296 + 308. Let z = k - -398. List the prime factors of z.
2, 5, 41
Let q = -115 + 200. Suppose q = -3*c + 1. Let y = c + 74. List the prime factors of y.
2, 23
Let n(h) = -19*h**3 - 43*h**2 - 57*h - 234. What are the prime factors of n(-15)?
3, 29, 211
Let o(q) = -q**2 - 14*q - 70. Let n be o(-14). Let y = n - -229. List the prime factors of y.
3, 53
Suppose 0 = 5*p - 25, -3*q - 7*p + 5468 = -6*p. What are the prime factors of q?
3, 607
Suppose -53*x + 54*x = -138. Suppose b = -4*k - 309, 5*k + 401 = -5*b - 4. Let u = k - x. What are the prime factors of u?
2, 31
Let m(q) = 6*q - 52. Let o be m(-6). Let u = o - -79. Let r(s) = 4*s**2 + 3*s - 44. List the prime factors of r(u).
11, 23
Suppose -u = -5, 4*u = -3*i + 29383 + 9244. What are the prime factors of i?
17, 757
What are the prime factors of -4650*((-15)/12)/((-20)/(-8))?
3, 5, 31
Let h(s) = -6*s**3 - 2*s**2 - 9*s - 6. Let t = 11 + -15. List the prime factors of h(t).
2, 191
Let z be 6 + (-2 + 5)*(-2 - -1). Let s = -4 + 4. Suppose -z*p - 2*q + 383 = s, 3*q - 641 = -5*p + q. List the prime factors of p.
3, 43
Let p be (-18)/30*-5 - -777. Suppose -49*q + 47*q + p = 0. What are the prime factors of q?
2, 3, 5, 13
Let i be 2/(3/((-5877)/(-6))). Let x = i - 479. What are the prime factors of x?
2, 3, 29
Let h(g) = -g**3 - 18*g**2 - 98*g - 1452. Let w be h(-17). Suppose -4*z = -3*p + 534, -4*p = -4*z + 37 - 753. Let j = p + w. List the prime factors of j.
107
Suppose -85 = 29*k - 27. Let d(o) = 39*o**2 + o + 5. List the prime factors of d(k).
3, 53
Let f = 3333 - 1412. List the prime factors of f.
17, 113
Suppose -h - 1030*a = -1026*a - 24864, -4*a = -2*h + 49668. What are the prime factors of h?
2, 6211
Suppose -9*v + 6*v = -30. Let s be v/45 - (-1132)/9. Suppose -s = -r - 30. What are the prime factors of r?
2, 3
Suppose z + 2*z = 1212. Suppose 3*u - 626 = -i, -u + 2*i + z = u. Suppose -d - h = -3*h - 54, 0 = 4*d + h - u. What are the prime factors of d?
2, 13
Let v(a) = a**3 - 5*a**2 + a - 39. Let z be v(6). Suppose -z*c - 1224 = -4362. What are the prime factors of c?
2, 523
Suppose 15*g = 26*g - 33. Let o be (0 + 2)/(-2 + 3). Suppose -o*k - 22 = -d, g*d + 24 - 100 = k. List the prime factors of d.
2, 13
Suppose 3*b - 12 = 0, -3*k - 516 = k + 4*b. Let x = 30 + k. Let z = -92 - x. What are the prime factors of z?
11
Suppose -d = 3, 2*y + y - 15 = 2*d. Suppose -5 + y = 2*a. List the prime factors of 36*((1 - a) + 2/(-3)).
2, 3
Let n be 240/(-40) + 3*2. Suppose n = 5*x - 355 - 950. What are the prime factors of x?
3, 29
Su